 digit of 19933?
1
What is the thousands digit of 1089?
1
What is the thousands digit of 21762?
1
What is the units digit of 2062?
2
What is the ten thousands digit of 18058?
1
What is the ten thousands digit of 115914?
1
What is the units digit of 4887?
7
What is the hundreds digit of 80340?
3
What is the hundreds digit of 647?
6
What is the tens digit of 59116?
1
What is the thousands digit of 26211?
6
What is the units digit of 11184?
4
What is the thousands digit of 100638?
0
What is the tens digit of 29059?
5
What is the units digit of 8173?
3
What is the units digit of 10360?
0
What is the hundreds digit of 4931?
9
What is the tens digit of 2812?
1
What is the thousands digit of 5003?
5
What is the tens digit of 117345?
4
What is the tens digit of 45?
4
What is the units digit of 864?
4
What is the thousands digit of 81513?
1
What is the tens digit of 40869?
6
What is the units digit of 9090?
0
What is the hundreds digit of 5063?
0
What is the hundreds digit of 931?
9
What is the tens digit of 46315?
1
What is the hundreds digit of 4637?
6
What is the tens digit of 175?
7
What is the tens digit of 5743?
4
What is the hundreds digit of 5161?
1
What is the thousands digit of 1112?
1
What is the hundreds digit of 12091?
0
What is the tens digit of 5658?
5
What is the units digit of 16778?
8
What is the tens digit of 5798?
9
What is the units digit of 2410?
0
What is the hundreds digit of 1111?
1
What is the ten thousands digit of 22084?
2
What is the units digit of 2082?
2
What is the ten thousands digit of 27337?
2
What is the units digit of 9041?
1
What is the units digit of 8436?
6
What is the tens digit of 12159?
5
What is the units digit of 1142?
2
What is the units digit of 692?
2
What is the thousands digit of 18981?
8
What is the thousands digit of 71650?
1
What is the hundreds digit of 1128?
1
What is the units digit of 148?
8
What is the tens digit of 560?
6
What is the units digit of 13?
3
What is the tens digit of 5951?
5
What is the thousands digit of 3599?
3
What is the ten thousands digit of 13552?
1
What is the tens digit of 862?
6
What is the units digit of 103?
3
What is the units digit of 953?
3
What is the hundreds digit of 18588?
5
What is the hundreds digit of 6014?
0
What is the ten thousands digit of 55837?
5
What is the tens digit of 24557?
5
What is the tens digit of 12111?
1
What is the thousands digit of 16311?
6
What is the thousands digit of 1427?
1
What is the hundreds digit of 347?
3
What is the units digit of 4167?
7
What is the hundreds digit of 57925?
9
What is the ten thousands digit of 44932?
4
What is the tens digit of 69785?
8
What is the hundreds digit of 3411?
4
What is the hundreds digit of 10738?
7
What is the units digit of 4691?
1
What is the ten thousands digit of 71662?
7
What is the ten thousands digit of 85732?
8
What is the thousands digit of 64776?
4
What is the tens digit of 6019?
1
What is the hundreds digit of 1325?
3
What is the tens digit of 9628?
2
What is the hundreds digit of 3030?
0
What is the thousands digit of 1856?
1
What is the thousands digit of 2153?
2
What is the ten thousands digit of 42075?
4
What is the units digit of 7916?
6
What is the thousands digit of 1945?
1
What is the thousands digit of 99995?
9
What is the thousands digit of 50537?
0
What is the tens digit of 51772?
7
What is the hundreds digit of 716?
7
What is the ten thousands digit of 12027?
1
What is the hundreds digit of 3494?
4
What is the ten thousands digit of 21492?
2
What is the hundreds digit of 2670?
6
What is the ten thousands digit of 100939?
0
What is the units digit of 1176?
6
What is the ten thousands digit of 20889?
2
What is the tens digit of 22327?
2
What is the thousands digit of 36208?
6
What is the hundreds digit of 3112?
1
What is the thousands digit of 82783?
2
What is the hundreds digit of 3127?
1
What is the thousands digit of 1081?
1
What is the tens digit of 5175?
7
What is the hundreds digit of 65814?
8
What is the tens digit of 2825?
2
What is the units digit of 5465?
5
What is the tens digit of 23130?
3
What is the thousands digit of 1708?
1
What is the hundreds digit of 6540?
5
What is the thousands digit of 1136?
1
What is the hundreds digit of 21882?
8
What is the hundreds digit of 15976?
9
What is the units digit of 15791?
1
What is the units digit of 34694?
4
What is the units digit of 491?
1
What is the tens digit of 130271?
7
What is the hundreds digit of 139?
1
What is the hundred thousands digit of 153644?
1
What is the hundreds digit of 34860?
8
What is the units digit of 16083?
3
What is the ten thousands digit of 54737?
5
What is the units digit of 3557?
7
What is the tens digit of 8440?
4
What is the thousands digit of 1698?
1
What is the thousands digit of 2963?
2
What is the tens digit of 5049?
4
What is the hundreds digit of 4939?
9
What is the hundreds digit of 1064?
0
What is the units digit of 979?
9
What is the ten thousands digit of 24721?
2
What is the hundreds digit of 5372?
3
What is the tens digit of 105819?
1
What is the hundreds digit of 26056?
0
What is the units digit of 4056?
6
What is the units digit of 514?
4
What is the hundreds digit of 7285?
2
What is the thousands digit of 152564?
2
What is the tens digit of 97269?
6
What is the thousands digit of 1049?
1
What is the thousands digit of 11752?
1
What is the tens digit of 1237?
3
What is the hundreds digit of 107194?
1
What is the units digit of 10342?
2
What is the units digit of 48625?
5
What is the units digit of 455?
5
What is the thousands digit of 18572?
8
What is the hundreds digit of 28512?
5
What is the thousands digit of 67813?
7
What is the hundreds digit of 45643?
6
What is the units digit of 485?
5
What is the ten thousands digit of 62977?
6
What is the thousands digit of 9519?
9
What is the thousands digit of 63897?
3
What is the hundreds digit of 783?
7
What is the units digit of 72753?
3
What is the units digit of 12541?
1
What is the thousands digit of 1006?
1
What is the ten thousands digit of 18931?
1
What is the units digit of 2?
2
What is the units digit of 16998?
8
What is the tens digit of 520?
2
What is the ten thousands digit of 11609?
1
What is the thousands digit of 2091?
2
What is the hundreds digit of 701?
7
What is the units digit of 1168?
8
What is the tens digit of 47?
4
What is the hundreds digit of 13622?
6
What is the thousands digit of 1338?
1
What is the tens digit of 1366?
6
What is the units digit of 127?
7
What is the hundreds digit of 673?
6
What is the ten thousands digit of 24404?
2
What is the units digit of 1785?
5
What is the units digit of 11720?
0
What is the hundreds digit of 7779?
7
What is the ten thousands digit of 145889?
4
What is the tens digit of 3453?
5
What is the hundreds digit of 25765?
7
What is the ten thousands digit of 95358?
9
What is the hundreds digit of 232?
2
What is the hundred thousands digit of 171046?
1
What is the units digit of 34173?
3
What is the hundreds digit of 106?
1
What is the tens digit of 119804?
0
What is the ten thousands digit of 20308?
2
What is the ten thousands digit of 28600?
2
What is the units digit of 2031?
1
What is the hundred thousands digit of 168686?
1
What is the units digit of 3168?
8
What is the tens digit of 28194?
9
What is the ten thousands digit of 61788?
6
What is the tens digit of 684?
8
What is the units digit of 3201?
1
What is the thousands digit of 1187?
1
What is the tens digit of 72892?
9
What is the tens digit of 26837?
3
What is the tens digit of 8276?
7
What is the tens digit of 67?
6
What is the hundreds digit of 46443?
4
What is the tens digit of 64616?
1
What is the hundreds digit of 24376?
3
What is the units digit of 324?
4
What is the thousands digit of 8172?
8
What is the thousands digit of 81531?
1
What is the tens digit of 431?
3
What is the hundreds digit of 251?
2
What is the units digit of 11641?
1
What is the tens digit of 7651?
5
What is the hundreds digit of 853?
8
What is the units digit of 12604?
4
What is the tens digit of 21132?
3
What is the units digit of 11311?
1
What is the thousands digit of 2537?
2
What is the units digit of 4191?
1
What is the tens digit of 1047?
4
What is the tens digit of 80165?
6
What is the units digit of 80276?
6
What is the ten